{"id":3081,"date":"2020-09-21T07:53:12","date_gmt":"2020-09-21T07:53:12","guid":{"rendered":"http:\/\/rancholacienega.com\/ecoturismo\/?page_id=3081"},"modified":"2022-08-29T14:41:45","modified_gmt":"2022-08-29T14:41:45","slug":"empresarial","status":"publish","type":"page","link":"https:\/\/rancholacienega.com\/ecoturismo\/inicio\/planes-y-paquetes\/empresarial\/","title":{"rendered":"EMPRESARIAL"},"content":{"rendered":"\t\t<div data-elementor-type=\"wp-page\" data-elementor-id=\"3081\" class=\"elementor elementor-3081\">\n\t\t\t\t\t\t<section class=\"has_eae_slider elementor-section elementor-top-section elementor-element elementor-element-4e9d0239 elementor-section-stretched elementor-section-boxed elementor-section-height-default elementor-section-height-default\" data-eae-slider=\"81315\" data-id=\"4e9d0239\" data-element_type=\"section\" data-settings=\"{&quot;stretch_section&quot;:&quot;section-stretched&quot;,&quot;background_background&quot;:&quot;classic&quot;}\">\n\t\t\t\t\t\t<div class=\"elementor-container elementor-column-gap-no\">\n\t\t\t\t\t<div class=\"has_eae_slider elementor-column elementor-col-100 elementor-top-column elementor-element elementor-element-26dbe674\" data-eae-slider=\"76218\" data-id=\"26dbe674\" data-element_type=\"column\">\n\t\t\t<div class=\"elementor-widget-wrap elementor-element-populated\">\n\t\t\t\t\t\t<div class=\"elementor-element elementor-element-547a7071 elementor-widget elementor-widget-heading\" data-id=\"547a7071\" data-element_type=\"widget\" data-widget_type=\"heading.default\">\n\t\t\t\t<div class=\"elementor-widget-container\">\n\t\t\t\t\t<h1 class=\"elementor-heading-title elementor-size-default\">PLANES Y PAQUETES<\/h1>\t\t\t\t<\/div>\n\t\t\t\t<\/div>\n\t\t\t\t<div class=\"elementor-element elementor-element-6617fa7f elementor-widget elementor-widget-image\" data-id=\"6617fa7f\" data-element_type=\"widget\" data-widget_type=\"image.default\">\n\t\t\t\t<div class=\"elementor-widget-container\">\n\t\t\t\t\t\t\t\t\t\t\t\t\t\t\t<img decoding=\"async\" width=\"200\" height=\"8\" src=\"https:\/\/rancholacienega.com\/ecoturismo\/wp-content\/uploads\/2020\/09\/divider.png\" class=\"attachment-large size-large wp-image-2744\" alt=\"\" \/>\t\t\t\t\t\t\t\t\t\t\t\t\t\t\t<\/div>\n\t\t\t\t<\/div>\n\t\t\t\t<div class=\"elementor-element elementor-element-1882766c elementor-widget elementor-widget-heading\" data-id=\"1882766c\" data-element_type=\"widget\" data-widget_type=\"heading.default\">\n\t\t\t\t<div class=\"elementor-widget-container\">\n\t\t\t\t\t<h2 class=\"elementor-heading-title elementor-size-default\">Turismo Empresarial<\/h2>\t\t\t\t<\/div>\n\t\t\t\t<\/div>\n\t\t\t\t<section class=\"has_eae_slider elementor-section elementor-inner-section elementor-element elementor-element-28179a1 elementor-section-boxed elementor-section-height-default elementor-section-height-default\" data-eae-slider=\"90289\" data-id=\"28179a1\" data-element_type=\"section\" data-settings=\"{&quot;background_background&quot;:&quot;classic&quot;}\">\n\t\t\t\t\t\t<div class=\"elementor-container elementor-column-gap-default\">\n\t\t\t\t\t<div class=\"has_eae_slider elementor-column elementor-col-50 elementor-inner-column elementor-element elementor-element-233b54a\" data-eae-slider=\"93489\" data-id=\"233b54a\" data-element_type=\"column\">\n\t\t\t<div class=\"elementor-widget-wrap elementor-element-populated\">\n\t\t\t\t\t\t<div class=\"elementor-element elementor-element-a12e2b5 elementor-widget elementor-widget-text-editor\" data-id=\"a12e2b5\" data-element_type=\"widget\" data-widget_type=\"text-editor.default\">\n\t\t\t\t<div class=\"elementor-widget-container\">\n\t\t\t\t\t\t\t\t\t<h2><span style=\"color: #68331a;\"><span style=\"font-size: 24px;\"><b>Juntas de trabajo<\/b><\/span><\/span><\/h2><p><span style=\"font-size: 12pt; color: #000000;\">Podemos bajo solicitud, organizar eventos que tu grupo no podr\u00e1 olvidar. ACEPTAMOS GRUPOS DE HASTA 20 PERSONAS. <\/span><\/p><p><span style=\"font-size: 12pt; color: #000000;\">Tus reuniones las dise\u00f1amos a las necesidades de tu organizaci\u00f3n. NOS ADHERIMOS A TUS PLANES EN SEMINARIOS Y REUNIONES DE CAPACITACI\u00d3N te respondemos con la Cotizaci\u00f3n en menos de 24 horas. <\/span><\/p><p><span style=\"font-size: 12pt; color: #000000;\">REUNIONES DE TRABAJO<\/span><span style=\"font-size: 12pt; color: #000000;\"><br \/>Actividades especiales disponibles a cotizar tales como:<\/span><span style=\"font-size: 12pt; color: #000000;\"><br \/><i class=\"fas fa-check\"><\/i>Horas de requerimiento de luz el\u00e9ctrica extra (diesel) del evento con costo de $200 pesos\/hora. <br \/><i class=\"fas fa-check\"><\/i> Mesas, Sillas, Manteles, Pantallas, Pintarr\u00f3n y Rotafolio. <br \/><i class=\"fas fa-check\"><\/i> Servicio de Coffe break seg\u00fan requerimientos y cotizaci\u00f3n. <br \/><i class=\"fas fa-check\"><\/i> Servicio de Alimentos seg\u00fan requerimientos y cotizaci\u00f3n. <br \/><i class=\"fas fa-check\"><\/i> Pantalla para proyecci\u00f3n. <br \/><i class=\"fas fa-check\"><\/i> Proyector de Ca\u00f1\u00f3n seg\u00fan requerimientos y cotizaci\u00f3n. <\/span><\/p><p><span style=\"font-size: 12pt; color: #000000;\">Nuestra electricidad en Caba\u00f1a las Dr\u00edades la producimos mediante paneles solares de 24 volts, la convertimos a 110 para tu uso, por lo que NO podemos usar equipo altamente consumidor de electricidad. Te invitamos a preguntarnos antes de da\u00f1ar el sistema.<\/span><\/p>\t\t\t\t\t\t\t\t<\/div>\n\t\t\t\t<\/div>\n\t\t\t\t\t<\/div>\n\t\t<\/div>\n\t\t\t\t<div class=\"has_eae_slider elementor-column elementor-col-50 elementor-inner-column elementor-element elementor-element-1119f72\" data-eae-slider=\"58643\" data-id=\"1119f72\" data-element_type=\"column\">\n\t\t\t<div class=\"elementor-widget-wrap elementor-element-populated\">\n\t\t\t\t\t\t<div class=\"elementor-element elementor-element-8621486 elementor-widget elementor-widget-image\" data-id=\"8621486\" data-element_type=\"widget\" data-widget_type=\"image.default\">\n\t\t\t\t<div class=\"elementor-widget-container\">\n\t\t\t\t\t\t\t\t\t\t\t\t\t\t\t<img fetchpriority=\"high\" decoding=\"async\" width=\"600\" height=\"489\" src=\"https:\/\/rancholacienega.com\/ecoturismo\/wp-content\/uploads\/2020\/09\/IMG_2860-Frame.jpg\" class=\"attachment-large size-large wp-image-3040\" alt=\"\" srcset=\"https:\/\/rancholacienega.com\/ecoturismo\/wp-content\/uploads\/2020\/09\/IMG_2860-Frame.jpg 600w, https:\/\/rancholacienega.com\/ecoturismo\/wp-content\/uploads\/2020\/09\/IMG_2860-Frame-300x245.jpg 300w\" sizes=\"(max-width: 600px) 100vw, 600px\" \/>\t\t\t\t\t\t\t\t\t\t\t\t\t\t\t<\/div>\n\t\t\t\t<\/div>\n\t\t\t\t<div class=\"elementor-element elementor-element-6bdfa5f elementor-align-right elementor-widget elementor-widget-button\" data-id=\"6bdfa5f\" data-element_type=\"widget\" data-widget_type=\"button.default\">\n\t\t\t\t<div class=\"elementor-widget-container\">\n\t\t\t\t\t\t\t\t\t<div class=\"elementor-button-wrapper\">\n\t\t\t\t\t<a class=\"elementor-button elementor-button-link elementor-size-sm\" href=\"http:\/\/rancholacienega.com\/ecoturismo\/inicio\/disponibilidad\/\">\n\t\t\t\t\t\t<span class=\"elementor-button-content-wrapper\">\n\t\t\t\t\t\t\t\t\t<span class=\"elementor-button-text\">Reservar<\/span>\n\t\t\t\t\t<\/span>\n\t\t\t\t\t<\/a>\n\t\t\t\t<\/div>\n\t\t\t\t\t\t\t\t<\/div>\n\t\t\t\t<\/div>\n\t\t\t\t\t<\/div>\n\t\t<\/div>\n\t\t\t\t\t<\/div>\n\t\t<\/section>\n\t\t\t\t<section class=\"has_eae_slider elementor-section elementor-inner-section elementor-element elementor-element-989127a elementor-section-boxed elementor-section-height-default elementor-section-height-default\" data-eae-slider=\"65754\" data-id=\"989127a\" data-element_type=\"section\" data-settings=\"{&quot;background_background&quot;:&quot;classic&quot;}\">\n\t\t\t\t\t\t<div class=\"elementor-container elementor-column-gap-default\">\n\t\t\t\t\t<div class=\"has_eae_slider elementor-column elementor-col-50 elementor-inner-column elementor-element elementor-element-542525e\" data-eae-slider=\"87806\" data-id=\"542525e\" data-element_type=\"column\">\n\t\t\t<div class=\"elementor-widget-wrap elementor-element-populated\">\n\t\t\t\t\t\t<div class=\"elementor-element elementor-element-0135c86 elementor-widget elementor-widget-text-editor\" data-id=\"0135c86\" data-element_type=\"widget\" data-widget_type=\"text-editor.default\">\n\t\t\t\t<div class=\"elementor-widget-container\">\n\t\t\t\t\t\t\t\t\t<h2><b style=\"color: #68331a; font-size: 24px; font-style: inherit;\">El Sal\u00f3n para Eventos<\/b><\/h2><div style=\"text-align: left;\"><span style=\"font-size: 12pt; color: #000000;\">La electricidad en Sal\u00f3n para Eventos la producimos mediante planta de luz a diesel, por lo que en la cotizaci\u00f3n debemos considerar, en horas de consumo, los requerimientos solicitados.<\/span><span style=\"color: #68331a;\"><span style=\"font-size: 24px;\"><b><br \/><\/b><\/span><\/span><\/div>\t\t\t\t\t\t\t\t<\/div>\n\t\t\t\t<\/div>\n\t\t\t\t\t<\/div>\n\t\t<\/div>\n\t\t\t\t<div class=\"has_eae_slider elementor-column elementor-col-50 elementor-inner-column elementor-element elementor-element-99c387a\" data-eae-slider=\"31792\" data-id=\"99c387a\" data-element_type=\"column\">\n\t\t\t<div class=\"elementor-widget-wrap elementor-element-populated\">\n\t\t\t\t\t\t<div class=\"elementor-element elementor-element-0cb3734 elementor-widget elementor-widget-image\" data-id=\"0cb3734\" data-element_type=\"widget\" data-widget_type=\"image.default\">\n\t\t\t\t<div class=\"elementor-widget-container\">\n\t\t\t\t\t\t\t\t\t\t\t\t\t\t\t<img decoding=\"async\" width=\"812\" height=\"542\" src=\"https:\/\/rancholacienega.com\/ecoturismo\/wp-content\/uploads\/2021\/09\/IMG_9926_SEMINARIOS-1024x683.jpg\" class=\"attachment-large size-large wp-image-5039\" alt=\"\" srcset=\"https:\/\/rancholacienega.com\/ecoturismo\/wp-content\/uploads\/2021\/09\/IMG_9926_SEMINARIOS-1024x683.jpg 1024w, https:\/\/rancholacienega.com\/ecoturismo\/wp-content\/uploads\/2021\/09\/IMG_9926_SEMINARIOS-300x200.jpg 300w, https:\/\/rancholacienega.com\/ecoturismo\/wp-content\/uploads\/2021\/09\/IMG_9926_SEMINARIOS-768x512.jpg 768w, https:\/\/rancholacienega.com\/ecoturismo\/wp-content\/uploads\/2021\/09\/IMG_9926_SEMINARIOS-1536x1024.jpg 1536w, https:\/\/rancholacienega.com\/ecoturismo\/wp-content\/uploads\/2021\/09\/IMG_9926_SEMINARIOS-2048x1365.jpg 2048w\" sizes=\"(max-width: 812px) 100vw, 812px\" \/>\t\t\t\t\t\t\t\t\t\t\t\t\t\t\t<\/div>\n\t\t\t\t<\/div>\n\t\t\t\t<div class=\"elementor-element elementor-element-b901449 elementor-align-right elementor-widget elementor-widget-button\" data-id=\"b901449\" data-element_type=\"widget\" data-widget_type=\"button.default\">\n\t\t\t\t<div class=\"elementor-widget-container\">\n\t\t\t\t\t\t\t\t\t<div class=\"elementor-button-wrapper\">\n\t\t\t\t\t<a class=\"elementor-button elementor-button-link elementor-size-sm\" href=\"http:\/\/rancholacienega.com\/ecoturismo\/inicio\/disponibilidad\/\">\n\t\t\t\t\t\t<span class=\"elementor-button-content-wrapper\">\n\t\t\t\t\t\t\t\t\t<span class=\"elementor-button-text\">Reservar<\/span>\n\t\t\t\t\t<\/span>\n\t\t\t\t\t<\/a>\n\t\t\t\t<\/div>\n\t\t\t\t\t\t\t\t<\/div>\n\t\t\t\t<\/div>\n\t\t\t\t\t<\/div>\n\t\t<\/div>\n\t\t\t\t\t<\/div>\n\t\t<\/section>\n\t\t\t\t<section class=\"has_eae_slider elementor-section elementor-inner-section elementor-element elementor-element-d17eba4 elementor-section-boxed elementor-section-height-default elementor-section-height-default\" data-eae-slider=\"84465\" data-id=\"d17eba4\" data-element_type=\"section\">\n\t\t\t\t\t\t<div class=\"elementor-container elementor-column-gap-wider\">\n\t\t\t\t\t<div class=\"has_eae_slider elementor-column elementor-col-16 elementor-inner-column elementor-element elementor-element-c4eca11\" data-eae-slider=\"8407\" data-id=\"c4eca11\" data-element_type=\"column\" data-settings=\"{&quot;background_background&quot;:&quot;classic&quot;}\">\n\t\t\t<div class=\"elementor-widget-wrap elementor-element-populated\">\n\t\t\t\t\t\t<div class=\"elementor-element elementor-element-a6c2d32 elementor-widget elementor-widget-image\" data-id=\"a6c2d32\" data-element_type=\"widget\" data-widget_type=\"image.default\">\n\t\t\t\t<div class=\"elementor-widget-container\">\n\t\t\t\t\t\t\t\t\t\t\t\t\t\t\t<img loading=\"lazy\" decoding=\"async\" width=\"200\" height=\"200\" src=\"https:\/\/rancholacienega.com\/ecoturismo\/wp-content\/uploads\/2020\/09\/ecoturismo-cabin-icons_solarpower.png\" class=\"attachment-large size-large wp-image-2806\" alt=\"\" srcset=\"https:\/\/rancholacienega.com\/ecoturismo\/wp-content\/uploads\/2020\/09\/ecoturismo-cabin-icons_solarpower.png 200w, https:\/\/rancholacienega.com\/ecoturismo\/wp-content\/uploads\/2020\/09\/ecoturismo-cabin-icons_solarpower-150x150.png 150w, https:\/\/rancholacienega.com\/ecoturismo\/wp-content\/uploads\/2020\/09\/ecoturismo-cabin-icons_solarpower-75x75.png 75w\" sizes=\"(max-width: 200px) 100vw, 200px\" \/>\t\t\t\t\t\t\t\t\t\t\t\t\t\t\t<\/div>\n\t\t\t\t<\/div>\n\t\t\t\t<div class=\"elementor-element elementor-element-9777dbe elementor-widget elementor-widget-heading\" data-id=\"9777dbe\" data-element_type=\"widget\" data-widget_type=\"heading.default\">\n\t\t\t\t<div class=\"elementor-widget-container\">\n\t\t\t\t\t<h2 class=\"elementor-heading-title elementor-size-medium\">Luz el\u00e9ctrica<\/h2>\t\t\t\t<\/div>\n\t\t\t\t<\/div>\n\t\t\t\t\t<\/div>\n\t\t<\/div>\n\t\t\t\t<div class=\"has_eae_slider elementor-column elementor-col-16 elementor-inner-column elementor-element elementor-element-b21f6dc\" data-eae-slider=\"98851\" data-id=\"b21f6dc\" data-element_type=\"column\" data-settings=\"{&quot;background_background&quot;:&quot;classic&quot;}\">\n\t\t\t<div class=\"elementor-widget-wrap elementor-element-populated\">\n\t\t\t\t\t\t<div class=\"elementor-element elementor-element-e6fed90 elementor-widget elementor-widget-image\" data-id=\"e6fed90\" data-element_type=\"widget\" data-widget_type=\"image.default\">\n\t\t\t\t<div class=\"elementor-widget-container\">\n\t\t\t\t\t\t\t\t\t\t\t\t\t\t\t<img loading=\"lazy\" decoding=\"async\" width=\"200\" height=\"200\" src=\"https:\/\/rancholacienega.com\/ecoturismo\/wp-content\/uploads\/2020\/09\/ecoturismo-cabin-icons_comida.png\" class=\"attachment-large size-large wp-image-2821\" alt=\"\" srcset=\"https:\/\/rancholacienega.com\/ecoturismo\/wp-content\/uploads\/2020\/09\/ecoturismo-cabin-icons_comida.png 200w, https:\/\/rancholacienega.com\/ecoturismo\/wp-content\/uploads\/2020\/09\/ecoturismo-cabin-icons_comida-150x150.png 150w, https:\/\/rancholacienega.com\/ecoturismo\/wp-content\/uploads\/2020\/09\/ecoturismo-cabin-icons_comida-75x75.png 75w\" sizes=\"(max-width: 200px) 100vw, 200px\" \/>\t\t\t\t\t\t\t\t\t\t\t\t\t\t\t<\/div>\n\t\t\t\t<\/div>\n\t\t\t\t<div class=\"elementor-element elementor-element-19a80e9 elementor-widget elementor-widget-heading\" data-id=\"19a80e9\" data-element_type=\"widget\" data-widget_type=\"heading.default\">\n\t\t\t\t<div class=\"elementor-widget-container\">\n\t\t\t\t\t<h2 class=\"elementor-heading-title elementor-size-medium\">Almuerzos<\/h2>\t\t\t\t<\/div>\n\t\t\t\t<\/div>\n\t\t\t\t\t<\/div>\n\t\t<\/div>\n\t\t\t\t<div class=\"has_eae_slider elementor-column elementor-col-16 elementor-inner-column elementor-element elementor-element-1e0e09c\" data-eae-slider=\"51784\" data-id=\"1e0e09c\" data-element_type=\"column\" data-settings=\"{&quot;background_background&quot;:&quot;classic&quot;}\">\n\t\t\t<div class=\"elementor-widget-wrap elementor-element-populated\">\n\t\t\t\t\t\t<div class=\"elementor-element elementor-element-b80dd77 elementor-widget elementor-widget-image\" data-id=\"b80dd77\" data-element_type=\"widget\" data-widget_type=\"image.default\">\n\t\t\t\t<div class=\"elementor-widget-container\">\n\t\t\t\t\t\t\t\t\t\t\t\t\t\t\t<img loading=\"lazy\" decoding=\"async\" width=\"200\" height=\"200\" src=\"https:\/\/rancholacienega.com\/ecoturismo\/wp-content\/uploads\/2020\/09\/ecoturismo-cabin-icons_alimentos.png\" class=\"attachment-large size-large wp-image-2810\" alt=\"\" srcset=\"https:\/\/rancholacienega.com\/ecoturismo\/wp-content\/uploads\/2020\/09\/ecoturismo-cabin-icons_alimentos.png 200w, https:\/\/rancholacienega.com\/ecoturismo\/wp-content\/uploads\/2020\/09\/ecoturismo-cabin-icons_alimentos-150x150.png 150w, https:\/\/rancholacienega.com\/ecoturismo\/wp-content\/uploads\/2020\/09\/ecoturismo-cabin-icons_alimentos-75x75.png 75w\" sizes=\"(max-width: 200px) 100vw, 200px\" \/>\t\t\t\t\t\t\t\t\t\t\t\t\t\t\t<\/div>\n\t\t\t\t<\/div>\n\t\t\t\t<div class=\"elementor-element elementor-element-5a6761f elementor-widget elementor-widget-heading\" data-id=\"5a6761f\" data-element_type=\"widget\" data-widget_type=\"heading.default\">\n\t\t\t\t<div class=\"elementor-widget-container\">\n\t\t\t\t\t<h2 class=\"elementor-heading-title elementor-size-medium\">Coffee Break<\/h2>\t\t\t\t<\/div>\n\t\t\t\t<\/div>\n\t\t\t\t\t<\/div>\n\t\t<\/div>\n\t\t\t\t<div class=\"has_eae_slider elementor-column elementor-col-16 elementor-inner-column elementor-element elementor-element-ccb279f\" data-eae-slider=\"92293\" data-id=\"ccb279f\" data-element_type=\"column\" data-settings=\"{&quot;background_background&quot;:&quot;classic&quot;}\">\n\t\t\t<div class=\"elementor-widget-wrap elementor-element-populated\">\n\t\t\t\t\t\t<div class=\"elementor-element elementor-element-9b7e818 elementor-widget elementor-widget-image\" data-id=\"9b7e818\" data-element_type=\"widget\" data-widget_type=\"image.default\">\n\t\t\t\t<div class=\"elementor-widget-container\">\n\t\t\t\t\t\t\t\t\t\t\t\t\t\t\t<img loading=\"lazy\" decoding=\"async\" width=\"200\" height=\"200\" src=\"https:\/\/rancholacienega.com\/ecoturismo\/wp-content\/uploads\/2020\/09\/ecoturismo-cabin-icons_pantalla.png\" class=\"attachment-large size-large wp-image-2800\" alt=\"\" srcset=\"https:\/\/rancholacienega.com\/ecoturismo\/wp-content\/uploads\/2020\/09\/ecoturismo-cabin-icons_pantalla.png 200w, https:\/\/rancholacienega.com\/ecoturismo\/wp-content\/uploads\/2020\/09\/ecoturismo-cabin-icons_pantalla-150x150.png 150w, https:\/\/rancholacienega.com\/ecoturismo\/wp-content\/uploads\/2020\/09\/ecoturismo-cabin-icons_pantalla-75x75.png 75w\" sizes=\"(max-width: 200px) 100vw, 200px\" \/>\t\t\t\t\t\t\t\t\t\t\t\t\t\t\t<\/div>\n\t\t\t\t<\/div>\n\t\t\t\t<div class=\"elementor-element elementor-element-280dcaf elementor-widget elementor-widget-heading\" data-id=\"280dcaf\" data-element_type=\"widget\" data-widget_type=\"heading.default\">\n\t\t\t\t<div class=\"elementor-widget-container\">\n\t\t\t\t\t<h2 class=\"elementor-heading-title elementor-size-medium\">Pantalla<\/h2>\t\t\t\t<\/div>\n\t\t\t\t<\/div>\n\t\t\t\t\t<\/div>\n\t\t<\/div>\n\t\t\t\t<div class=\"has_eae_slider elementor-column elementor-col-16 elementor-inner-column elementor-element elementor-element-030ba1a\" data-eae-slider=\"38571\" data-id=\"030ba1a\" data-element_type=\"column\" data-settings=\"{&quot;background_background&quot;:&quot;classic&quot;}\">\n\t\t\t<div class=\"elementor-widget-wrap elementor-element-populated\">\n\t\t\t\t\t\t<div class=\"elementor-element elementor-element-e4d8a6b elementor-widget elementor-widget-image\" data-id=\"e4d8a6b\" data-element_type=\"widget\" data-widget_type=\"image.default\">\n\t\t\t\t<div class=\"elementor-widget-container\">\n\t\t\t\t\t\t\t\t\t\t\t\t\t\t\t<img loading=\"lazy\" decoding=\"async\" width=\"200\" height=\"200\" src=\"https:\/\/rancholacienega.com\/ecoturismo\/wp-content\/uploads\/2020\/09\/ecoturismo-cabin-icons_proyector.png\" class=\"attachment-large size-large wp-image-2803\" alt=\"\" srcset=\"https:\/\/rancholacienega.com\/ecoturismo\/wp-content\/uploads\/2020\/09\/ecoturismo-cabin-icons_proyector.png 200w, https:\/\/rancholacienega.com\/ecoturismo\/wp-content\/uploads\/2020\/09\/ecoturismo-cabin-icons_proyector-150x150.png 150w, https:\/\/rancholacienega.com\/ecoturismo\/wp-content\/uploads\/2020\/09\/ecoturismo-cabin-icons_proyector-75x75.png 75w\" sizes=\"(max-width: 200px) 100vw, 200px\" \/>\t\t\t\t\t\t\t\t\t\t\t\t\t\t\t<\/div>\n\t\t\t\t<\/div>\n\t\t\t\t<div class=\"elementor-element elementor-element-50e3dd6 elementor-widget elementor-widget-heading\" data-id=\"50e3dd6\" data-element_type=\"widget\" data-widget_type=\"heading.default\">\n\t\t\t\t<div class=\"elementor-widget-container\">\n\t\t\t\t\t<h2 class=\"elementor-heading-title elementor-size-medium\">Ca\u00f1on<\/h2>\t\t\t\t<\/div>\n\t\t\t\t<\/div>\n\t\t\t\t\t<\/div>\n\t\t<\/div>\n\t\t\t\t<div class=\"has_eae_slider elementor-column elementor-col-16 elementor-inner-column elementor-element elementor-element-6fd5bd1\" data-eae-slider=\"44013\" data-id=\"6fd5bd1\" data-element_type=\"column\" data-settings=\"{&quot;background_background&quot;:&quot;classic&quot;}\">\n\t\t\t<div class=\"elementor-widget-wrap elementor-element-populated\">\n\t\t\t\t\t\t<div class=\"elementor-element elementor-element-ba47ef1 elementor-widget elementor-widget-image\" data-id=\"ba47ef1\" data-element_type=\"widget\" data-widget_type=\"image.default\">\n\t\t\t\t<div class=\"elementor-widget-container\">\n\t\t\t\t\t\t\t\t\t\t\t\t\t\t\t<img loading=\"lazy\" decoding=\"async\" width=\"200\" height=\"200\" src=\"https:\/\/rancholacienega.com\/ecoturismo\/wp-content\/uploads\/2020\/09\/ecoturismo-cabin-icons_internet.png\" class=\"attachment-large size-large wp-image-2795\" alt=\"\" srcset=\"https:\/\/rancholacienega.com\/ecoturismo\/wp-content\/uploads\/2020\/09\/ecoturismo-cabin-icons_internet.png 200w, https:\/\/rancholacienega.com\/ecoturismo\/wp-content\/uploads\/2020\/09\/ecoturismo-cabin-icons_internet-150x150.png 150w, https:\/\/rancholacienega.com\/ecoturismo\/wp-content\/uploads\/2020\/09\/ecoturismo-cabin-icons_internet-75x75.png 75w\" sizes=\"(max-width: 200px) 100vw, 200px\" \/>\t\t\t\t\t\t\t\t\t\t\t\t\t\t\t<\/div>\n\t\t\t\t<\/div>\n\t\t\t\t<div class=\"elementor-element elementor-element-f62d6e4 elementor-widget elementor-widget-heading\" data-id=\"f62d6e4\" data-element_type=\"widget\" data-widget_type=\"heading.default\">\n\t\t\t\t<div class=\"elementor-widget-container\">\n\t\t\t\t\t<h2 class=\"elementor-heading-title elementor-size-medium\">Internet satelital<\/h2>\t\t\t\t<\/div>\n\t\t\t\t<\/div>\n\t\t\t\t\t<\/div>\n\t\t<\/div>\n\t\t\t\t\t<\/div>\n\t\t<\/section>\n\t\t\t\t<div class=\"elementor-element elementor-element-5a471da5 elementor-absolute elementor-widget elementor-widget-image\" data-id=\"5a471da5\" data-element_type=\"widget\" data-settings=\"{&quot;_position&quot;:&quot;absolute&quot;}\" data-widget_type=\"image.default\">\n\t\t\t\t<div class=\"elementor-widget-container\">\n\t\t\t\t\t\t\t\t\t\t\t\t\t\t\t<img loading=\"lazy\" decoding=\"async\" width=\"812\" height=\"812\" src=\"https:\/\/rancholacienega.com\/ecoturismo\/wp-content\/uploads\/2020\/09\/Logo_Ecoturismo_19_Jun_2020.png\" class=\"attachment-large size-large wp-image-2763\" alt=\"\" srcset=\"https:\/\/rancholacienega.com\/ecoturismo\/wp-content\/uploads\/2020\/09\/Logo_Ecoturismo_19_Jun_2020.png 851w, https:\/\/rancholacienega.com\/ecoturismo\/wp-content\/uploads\/2020\/09\/Logo_Ecoturismo_19_Jun_2020-300x300.png 300w, https:\/\/rancholacienega.com\/ecoturismo\/wp-content\/uploads\/2020\/09\/Logo_Ecoturismo_19_Jun_2020-150x150.png 150w, https:\/\/rancholacienega.com\/ecoturismo\/wp-content\/uploads\/2020\/09\/Logo_Ecoturismo_19_Jun_2020-768x768.png 768w, https:\/\/rancholacienega.com\/ecoturismo\/wp-content\/uploads\/2020\/09\/Logo_Ecoturismo_19_Jun_2020-75x75.png 75w\" sizes=\"(max-width: 812px) 100vw, 812px\" \/>\t\t\t\t\t\t\t\t\t\t\t\t\t\t\t<\/div>\n\t\t\t\t<\/div>\n\t\t\t\t\t<\/div>\n\t\t<\/div>\n\t\t\t\t\t<\/div>\n\t\t<\/section>\n\t\t\t\t<\/div>\n\t\t","protected":false},"excerpt":{"rendered":"<p>PLANES Y PAQUETES Turismo Empresarial Juntas de trabajo Podemos bajo solicitud, organizar eventos que tu grupo no podr\u00e1 olvidar. ACEPTAMOS GRUPOS DE HASTA 20 PERSONAS. Tus reuniones las dise\u00f1amos a las necesidades de tu organizaci\u00f3n. NOS ADHERIMOS A TUS PLANES EN SEMINARIOS Y REUNIONES DE CAPACITACI\u00d3N te respondemos con la Cotizaci\u00f3n en menos de 24 [&hellip;]<\/p>\n","protected":false},"author":1,"featured_media":0,"parent":3003,"menu_order":0,"comment_status":"closed","ping_status":"closed","template":"elementor_header_footer","meta":{"footnotes":""},"_links":{"self":[{"href":"https:\/\/rancholacienega.com\/ecoturismo\/wp-json\/wp\/v2\/pages\/3081"}],"collection":[{"href":"https:\/\/rancholacienega.com\/ecoturismo\/wp-json\/wp\/v2\/pages"}],"about":[{"href":"https:\/\/rancholacienega.com\/ecoturismo\/wp-json\/wp\/v2\/types\/page"}],"author":[{"embeddable":true,"href":"https:\/\/rancholacienega.com\/ecoturismo\/wp-json\/wp\/v2\/users\/1"}],"replies":[{"embeddable":true,"href":"https:\/\/rancholacienega.com\/ecoturismo\/wp-json\/wp\/v2\/comments?post=3081"}],"version-history":[{"count":25,"href":"https:\/\/rancholacienega.com\/ecoturismo\/wp-json\/wp\/v2\/pages\/3081\/revisions"}],"predecessor-version":[{"id":8310,"href":"https:\/\/rancholacienega.com\/ecoturismo\/wp-json\/wp\/v2\/pages\/3081\/revisions\/8310"}],"up":[{"embeddable":true,"href":"https:\/\/rancholacienega.com\/ecoturismo\/wp-json\/wp\/v2\/pages\/3003"}],"wp:attachment":[{"href":"https:\/\/rancholacienega.com\/ecoturismo\/wp-json\/wp\/v2\/media?parent=3081"}],"curies":[{"name":"wp","href":"https:\/\/api.w.org\/{rel}","templated":true}]}}