{"id":193,"date":"2019-12-17T05:58:43","date_gmt":"2019-12-17T05:58:43","guid":{"rendered":"http:\/\/rancholacienega.com\/ecoturismo\/?page_id=193"},"modified":"2023-10-19T03:01:09","modified_gmt":"2023-10-19T03:01:09","slug":"blog","status":"publish","type":"page","link":"https:\/\/rancholacienega.com\/ecoturismo\/inicio\/blog\/","title":{"rendered":"Blog"},"content":{"rendered":"\t\t<div data-elementor-type=\"wp-post\" data-elementor-id=\"193\" class=\"elementor elementor-193\">\n\t\t\t\t\t\t<section class=\"has_eae_slider elementor-section elementor-top-section elementor-element elementor-element-dc8b8dd elementor-section-stretched elementor-section-boxed elementor-section-height-default elementor-section-height-default\" data-eae-slider=\"58193\" data-id=\"dc8b8dd\" data-element_type=\"section\" data-settings=\"{&quot;stretch_section&quot;:&quot;section-stretched&quot;,&quot;background_background&quot;:&quot;classic&quot;}\">\n\t\t\t\t\t\t<div class=\"elementor-container elementor-column-gap-default\">\n\t\t\t\t\t<div class=\"has_eae_slider elementor-column elementor-col-100 elementor-top-column elementor-element elementor-element-74e0c30\" data-eae-slider=\"4730\" data-id=\"74e0c30\" data-element_type=\"column\">\n\t\t\t<div class=\"elementor-widget-wrap elementor-element-populated\">\n\t\t\t\t\t\t<div class=\"elementor-element elementor-element-aecbf16 elementor-widget elementor-widget-heading\" data-id=\"aecbf16\" data-element_type=\"widget\" data-widget_type=\"heading.default\">\n\t\t\t\t<div class=\"elementor-widget-container\">\n\t\t\t\t\t<h1 class=\"elementor-heading-title elementor-size-default\">CABA\u00d1A LAS DRIADES BLOG<\/h1>\t\t\t\t<\/div>\n\t\t\t\t<\/div>\n\t\t\t\t<div class=\"elementor-element elementor-element-792b116 elementor-widget elementor-widget-image\" data-id=\"792b116\" data-element_type=\"widget\" data-widget_type=\"image.default\">\n\t\t\t\t<div class=\"elementor-widget-container\">\n\t\t\t\t\t\t\t\t\t\t\t\t\t\t\t<img decoding=\"async\" width=\"200\" height=\"8\" src=\"https:\/\/rancholacienega.com\/ecoturismo\/wp-content\/uploads\/2020\/09\/divider.png\" class=\"attachment-large size-large wp-image-2744\" alt=\"\" \/>\t\t\t\t\t\t\t\t\t\t\t\t\t\t\t<\/div>\n\t\t\t\t<\/div>\n\t\t\t\t<div class=\"elementor-element elementor-element-51e9072 elementor-widget elementor-widget-heading\" data-id=\"51e9072\" data-element_type=\"widget\" data-widget_type=\"heading.default\">\n\t\t\t\t<div class=\"elementor-widget-container\">\n\t\t\t\t\t<h2 class=\"elementor-heading-title elementor-size-default\">Temas de lo que podemos platicar<\/h2>\t\t\t\t<\/div>\n\t\t\t\t<\/div>\n\t\t\t\t\t<\/div>\n\t\t<\/div>\n\t\t\t\t\t<\/div>\n\t\t<\/section>\n\t\t\t\t<section class=\"has_eae_slider elementor-section elementor-top-section elementor-element elementor-element-54cd459 elementor-section-boxed elementor-section-height-default elementor-section-height-default\" data-eae-slider=\"79325\" data-id=\"54cd459\" data-element_type=\"section\">\n\t\t\t\t\t\t<div class=\"elementor-container elementor-column-gap-default\">\n\t\t\t\t\t<div class=\"has_eae_slider elementor-column elementor-col-100 elementor-top-column elementor-element elementor-element-ea91cc4\" data-eae-slider=\"20327\" data-id=\"ea91cc4\" data-element_type=\"column\">\n\t\t\t<div class=\"elementor-widget-wrap elementor-element-populated\">\n\t\t\t\t\t\t<div class=\"elementor-element elementor-element-5fc0439 elementor-widget elementor-widget-wp-widget-forgeeks_loop_widget\" data-id=\"5fc0439\" data-element_type=\"widget\" data-widget_type=\"wp-widget-forgeeks_loop_widget.default\">\n\t\t\t\t<div class=\"elementor-widget-container\">\n\t\t\t\t\t<div class=\"fg-container_widget\"><h5>NUESTRO BLOG EN RANCHO LA CIENEGA<\/h5><div class='fg-container elementor-element elementor-element-8cbc36a elementor-column elementor-col-33 elementor-top-column' style='vertical-align:text-top;padding: 8px;display: inline-block; font-family: Lato; color:#989898;'><div class=\"fg-wraper\"><div class=\"fg-latest-head\"><h4 style=\"color:#989898;\">EL PUMA<\/h4><\/div><div class=\"fg-overlay\"><div class='fg-latest-image'><img class='wp-post-image' src='https:\/\/rancholacienega.com\/ecoturismo\/wp-content\/uploads\/2020\/11\/IMG_0851_carpintero-scaled.jpg' style = 'width:100%; height:auto;' \/><\/div><\/div><div class='fg-latest-excerpt'><p>EL PUMA Mis safaris fotogr\u00e1ficos en Rancho la Cienega es todo\u00a0un reto la fotograf\u00eda de agunos mam\u00edferos, es muy dif\u00edcil. sobre todo a esta precio...<\/p><\/div><div class='fg-latest-readmore'><i class='fas fa-greater-than'><\/i>&nbsp;<a href='https:\/\/rancholacienega.com\/ecoturismo\/BLOG\/el-puma\/'>Leer m\u00e1s<\/a><\/div><\/div><\/div><div class='fg-container elementor-element elementor-element-8cbc36a elementor-column elementor-col-33 elementor-top-column' style='vertical-align:text-top;padding: 8px;display: inline-block; font-family: Lato; color:#989898;'><div class=\"fg-wraper\"><div class=\"fg-latest-head\"><h4 style=\"color:#989898;\">Pajaro Azul<\/h4><\/div><div class=\"fg-overlay\"><div class='fg-latest-image'><img class='wp-post-image' src='https:\/\/rancholacienega.com\/ecoturismo\/wp-content\/uploads\/2020\/11\/IMG_4942-scaled.jpg' style = 'width:100%; height:auto;' \/><\/div><\/div><div class='fg-latest-excerpt'><p>Mis safaris fotogr\u00e1ficos en Rancho la Cienega, el fotografiar especies como el Pajaro Azul (Blue Jay), una ave casi emblem\u00e1tica de Sierra Fr\u00eda vale...<\/p><\/div><div class='fg-latest-readmore'><i class='fas fa-greater-than'><\/i>&nbsp;<a href='https:\/\/rancholacienega.com\/ecoturismo\/BLOG\/pajaro-azul\/'>Leer m\u00e1s<\/a><\/div><\/div><\/div><div class='fg-container elementor-element elementor-element-8cbc36a elementor-column elementor-col-33 elementor-top-column' style='vertical-align:text-top;padding: 8px;display: inline-block; font-family: Lato; color:#989898;'><div class=\"fg-wraper\"><div class=\"fg-latest-head\"><h4 style=\"color:#989898;\">Pechicaf\u00e9<\/h4><\/div><div class=\"fg-overlay\"><div class='fg-latest-image'><img class='wp-post-image' src='https:\/\/rancholacienega.com\/ecoturismo\/wp-content\/uploads\/2020\/09\/video2.jpg' style = 'width:100%; height:auto;' \/><\/div><\/div><div class='fg-latest-excerpt'><p>Mis safaris fotogr\u00e1ficos en Rancho la Cienega, el fotografiar especies como el Pechicaf\u00e9, una ave muy adaptada a la zona y que vale la pena esperar ...<\/p><\/div><div class='fg-latest-readmore'><i class='fas fa-greater-than'><\/i>&nbsp;<a href='https:\/\/rancholacienega.com\/ecoturismo\/BLOG\/pechicafe\/'>Leer m\u00e1s<\/a><\/div><\/div><\/div><div class='fg-container elementor-element elementor-element-8cbc36a elementor-column elementor-col-33 elementor-top-column' style='vertical-align:text-top;padding: 8px;display: inline-block; font-family: Lato; color:#989898;'><div class=\"fg-wraper\"><div class=\"fg-latest-head\"><h4 style=\"color:#989898;\">Madro\u00f1o<\/h4><\/div><div class=\"fg-overlay\"><div class='fg-latest-image'><img class='wp-post-image' src='https:\/\/rancholacienega.com\/ecoturismo\/wp-content\/uploads\/2021\/09\/IMG_2589_MADRONO-scaled.jpg' style = 'width:100%; height:auto;' \/><\/div><\/div><div class='fg-latest-excerpt'><p>Mis fotos de Flora en Rancho la Cienega, fotografiar un Madro\u00f1o la \u00a0muestra aqu\u00ed presentada solamente intenta invitar a nuestros hu\u00e9spedes de Caba...<\/p><\/div><div class='fg-latest-readmore'><i class='fas fa-greater-than'><\/i>&nbsp;<a href='https:\/\/rancholacienega.com\/ecoturismo\/BLOG\/madrono\/'>Leer m\u00e1s<\/a><\/div><\/div><\/div><div class='fg-container elementor-element elementor-element-8cbc36a elementor-column elementor-col-33 elementor-top-column' style='vertical-align:text-top;padding: 8px;display: inline-block; font-family: Lato; color:#989898;'><div class=\"fg-wraper\"><div class=\"fg-latest-head\"><h4 style=\"color:#989898;\">Pino Pi\u00f1onero<\/h4><\/div><div class=\"fg-overlay\"><div class='fg-latest-image'><img class='wp-post-image' src='https:\/\/rancholacienega.com\/ecoturismo\/wp-content\/uploads\/2021\/09\/IMG_1374-scaled.jpg' style = 'width:100%; height:auto;' \/><\/div><\/div><div class='fg-latest-excerpt'><p>Mis fotos de Flora en Rancho la Cienega, fotografiar los \u00e1rboles y en especial el Pino Pi\u00f1onero intenta invitar a nuestros hu\u00e9spedes de Caba\u00f1a las...<\/p><\/div><div class='fg-latest-readmore'><i class='fas fa-greater-than'><\/i>&nbsp;<a href='https:\/\/rancholacienega.com\/ecoturismo\/BLOG\/pino-pinonero\/'>Leer m\u00e1s<\/a><\/div><\/div><\/div><div class='fg-container elementor-element elementor-element-8cbc36a elementor-column elementor-col-33 elementor-top-column' style='vertical-align:text-top;padding: 8px;display: inline-block; font-family: Lato; color:#989898;'><div class=\"fg-wraper\"><div class=\"fg-latest-head\"><h4 style=\"color:#989898;\">Encino<\/h4><\/div><div class=\"fg-overlay\"><div class='fg-latest-image'><img class='wp-post-image' src='https:\/\/rancholacienega.com\/ecoturismo\/wp-content\/uploads\/2021\/09\/IMG_0002-1-scaled.jpg' style = 'width:100%; height:auto;' \/><\/div><\/div><div class='fg-latest-excerpt'><p>Mis fotos de Flora en Rancho la Cienega, fotografiar los \u00e1rboles dan idea del ecosistema a visitar y con la pena de no ser ni bi\u00f3logo ni bot\u00e1nico, ...<\/p><\/div><div class='fg-latest-readmore'><i class='fas fa-greater-than'><\/i>&nbsp;<a href='https:\/\/rancholacienega.com\/ecoturismo\/BLOG\/encino\/'>Leer m\u00e1s<\/a><\/div><\/div><\/div><div class='fg-container elementor-element elementor-element-8cbc36a elementor-column elementor-col-33 elementor-top-column' style='vertical-align:text-top;padding: 8px;display: inline-block; font-family: Lato; color:#989898;'><div class=\"fg-wraper\"><div class=\"fg-latest-head\"><h4 style=\"color:#989898;\">Flores<\/h4><\/div><div class=\"fg-overlay\"><div class='fg-latest-image'><img class='wp-post-image' src='https:\/\/rancholacienega.com\/ecoturismo\/wp-content\/uploads\/2021\/09\/IMG_2852_N-scaled.jpg' style = 'width:100%; height:auto;' \/><\/div><\/div><div class='fg-latest-excerpt'><p>Mis fotos de Flora en Rancho la Cienega, fotografiar una planta que su fruto depende de la delicada, olorosa y muy bonita flor, que en Sierra Fr\u00eda, d...<\/p><\/div><div class='fg-latest-readmore'><i class='fas fa-greater-than'><\/i>&nbsp;<a href='https:\/\/rancholacienega.com\/ecoturismo\/BLOG\/flores\/'>Leer m\u00e1s<\/a><\/div><\/div><\/div><div class='fg-container elementor-element elementor-element-8cbc36a elementor-column elementor-col-33 elementor-top-column' style='vertical-align:text-top;padding: 8px;display: inline-block; font-family: Lato; color:#989898;'><div class=\"fg-wraper\"><div class=\"fg-latest-head\"><h4 style=\"color:#989898;\">Carpintero<\/h4><\/div><div class=\"fg-overlay\"><div class='fg-latest-image'><img class='wp-post-image' src='https:\/\/rancholacienega.com\/ecoturismo\/wp-content\/uploads\/2021\/09\/MG_8854-scaled.jpg' style = 'width:100%; height:auto;' \/><\/div><\/div><div class='fg-latest-excerpt'><p>Mis safaris fotogr\u00e1ficos en Rancho la Cienega, el fotografiar una de las varias especies de P\u00e1jaro Carpintero de las familias que viven en nuestros ...<\/p><\/div><div class='fg-latest-readmore'><i class='fas fa-greater-than'><\/i>&nbsp;<a href='https:\/\/rancholacienega.com\/ecoturismo\/BLOG\/carpintero\/'>Leer m\u00e1s<\/a><\/div><\/div><\/div><div class='fg-container elementor-element elementor-element-8cbc36a elementor-column elementor-col-33 elementor-top-column' style='vertical-align:text-top;padding: 8px;display: inline-block; font-family: Lato; color:#989898;'><div class=\"fg-wraper\"><div class=\"fg-latest-head\"><h4 style=\"color:#989898;\">El Jabali<\/h4><\/div><div class=\"fg-overlay\"><div class='fg-latest-image'><img class='wp-post-image' src='https:\/\/rancholacienega.com\/ecoturismo\/wp-content\/uploads\/2021\/09\/IMG_1291-scaled.jpg' style = 'width:100%; height:auto;' \/><\/div><\/div><div class='fg-latest-excerpt'><p>Mis safaris fotogr\u00e1ficos en Rancho la Cienega, el fotografiar una &#8220;Piara&#8221;(manada) de jabal\u00edes es dif\u00edcil por el gran sentido del olfato...<\/p><\/div><div class='fg-latest-readmore'><i class='fas fa-greater-than'><\/i>&nbsp;<a href='https:\/\/rancholacienega.com\/ecoturismo\/BLOG\/el-jabali\/'>Leer m\u00e1s<\/a><\/div><\/div><\/div><div class='fg-container elementor-element elementor-element-8cbc36a elementor-column elementor-col-33 elementor-top-column' style='vertical-align:text-top;padding: 8px;display: inline-block; font-family: Lato; color:#989898;'><div class=\"fg-wraper\"><div class=\"fg-latest-head\"><h4 style=\"color:#989898;\">La Guajolota<\/h4><\/div><div class=\"fg-overlay\"><div class='fg-latest-image'><img class='wp-post-image' src='https:\/\/rancholacienega.com\/ecoturismo\/wp-content\/uploads\/2021\/09\/IMG_1839-scaled.jpg' style = 'width:100%; height:auto;' \/><\/div><\/div><div class='fg-latest-excerpt'><p>Mis Safaris Fotogr\u00e1ficos en Rancho la Cienega, \u00a0el practicar la fotograf\u00eda de la \u00a0Hembra de\u00a0Guajolote Silvestre &#8220;Gould&#8221;\u00a0siempre ser?...<\/p><\/div><div class='fg-latest-readmore'><i class='fas fa-greater-than'><\/i>&nbsp;<a href='https:\/\/rancholacienega.com\/ecoturismo\/BLOG\/la-guajolota\/'>Leer m\u00e1s<\/a><\/div><\/div><\/div><div class='fg-container elementor-element elementor-element-8cbc36a elementor-column elementor-col-33 elementor-top-column' style='vertical-align:text-top;padding: 8px;display: inline-block; font-family: Lato; color:#989898;'><div class=\"fg-wraper\"><div class=\"fg-latest-head\"><h4 style=\"color:#989898;\">El Venado Cola Blanca<\/h4><\/div><div class=\"fg-overlay\"><div class='fg-latest-image'><img class='wp-post-image' src='https:\/\/rancholacienega.com\/ecoturismo\/wp-content\/uploads\/2021\/09\/VENADO-MACHO_2.png' style = 'width:100%; height:auto;' \/><\/div><\/div><div class='fg-latest-excerpt'><p>Mis Safaris Fotogr\u00e1ficos en Rancho la Cienega, quiz\u00e1s unos escenarios muy ma\u00f1aneros y que verdaderamente pagan esos momentos espectaculares que pue...<\/p><\/div><div class='fg-latest-readmore'><i class='fas fa-greater-than'><\/i>&nbsp;<a href='https:\/\/rancholacienega.com\/ecoturismo\/BLOG\/venado-cola-blanca\/'>Leer m\u00e1s<\/a><\/div><\/div><\/div><div class='fg-container elementor-element elementor-element-8cbc36a elementor-column elementor-col-33 elementor-top-column' style='vertical-align:text-top;padding: 8px;display: inline-block; font-family: Lato; color:#989898;'><div class=\"fg-wraper\"><div class=\"fg-latest-head\"><h4 style=\"color:#989898;\">Mis Safaris Fotogr\u00e1ficos<\/h4><\/div><div class=\"fg-overlay\"><div class='fg-latest-image'><img class='wp-post-image' src='https:\/\/rancholacienega.com\/ecoturismo\/wp-content\/uploads\/2020\/09\/video2.jpg' style = 'width:100%; height:auto;' \/><\/div><\/div><div class='fg-latest-excerpt'><p>Mis safaris fotogr\u00e1ficos \u00a0 en Rancho la Cienega es todo\u00a0un reto la fotograf\u00eda,\u00a0capturar cualquier especie es\u00a0un triunfo y el hacer una imagen qu...<\/p><\/div><div class='fg-latest-readmore'><i class='fas fa-greater-than'><\/i>&nbsp;<a href='https:\/\/rancholacienega.com\/ecoturismo\/BLOG\/mis-safaris-fotograficos\/'>Leer m\u00e1s<\/a><\/div><\/div><\/div><div class='fg-container elementor-element elementor-element-8cbc36a elementor-column elementor-col-33 elementor-top-column' style='vertical-align:text-top;padding: 8px;display: inline-block; font-family: Lato; color:#989898;'><div class=\"fg-wraper\"><div class=\"fg-latest-head\"><h4 style=\"color:#989898;\">El Guajolote<\/h4><\/div><div class=\"fg-overlay\"><div class='fg-latest-image'><img class='wp-post-image' src='https:\/\/rancholacienega.com\/ecoturismo\/wp-content\/uploads\/2021\/09\/STRUTT_1.png' style = 'width:100%; height:auto;' \/><\/div><\/div><div class='fg-latest-excerpt'><p>Mis Safaris Fotogr\u00e1ficos en Rancho la Cienega, &nbsp;la fotograf\u00eda del Guajolote Silvestre &#8220;Gould&#8221;&nbsp;&nbsp;capturando &nbsp;im\u00e1genes...<\/p><\/div><div class='fg-latest-readmore'><i class='fas fa-greater-than'><\/i>&nbsp;<a href='https:\/\/rancholacienega.com\/ecoturismo\/BLOG\/el-guajolote\/'>Leer m\u00e1s<\/a><\/div><\/div><\/div><div class='fg-container elementor-element elementor-element-8cbc36a elementor-column elementor-col-33 elementor-top-column' style='vertical-align:text-top;padding: 8px;display: inline-block; font-family: Lato; color:#989898;'><div class=\"fg-wraper\"><div class=\"fg-latest-head\"><h4 style=\"color:#989898;\">Las Aves<\/h4><\/div><div class=\"fg-overlay\"><div class='fg-latest-image'><img class='wp-post-image' src='https:\/\/rancholacienega.com\/ecoturismo\/wp-content\/uploads\/2020\/11\/IMG_0851_carpintero-scaled.jpg' style = 'width:100%; height:auto;' \/><\/div><\/div><div class='fg-latest-excerpt'><p>LAS AVES Mis safaris fotogr\u00e1ficos en Rancho la Cienega es todo\u00a0un reto la fotograf\u00eda de aves,\u00a0capturarlas es\u00a0un triunfo y hacer una imagen que sa...<\/p><\/div><div class='fg-latest-readmore'><i class='fas fa-greater-than'><\/i>&nbsp;<a href='https:\/\/rancholacienega.com\/ecoturismo\/BLOG\/las-aves\/'>Leer m\u00e1s<\/a><\/div><\/div><\/div><\/div>\t\t\t\t<\/div>\n\t\t\t\t<\/div>\n\t\t\t\t\t<\/div>\n\t\t<\/div>\n\t\t\t\t\t<\/div>\n\t\t<\/section>\n\t\t\t\t<\/div>\n\t\t","protected":false},"excerpt":{"rendered":"<p>CABA\u00d1A LAS DRIADES BLOG Temas de lo que podemos platicar<\/p>\n","protected":false},"author":1,"featured_media":0,"parent":176,"menu_order":0,"comment_status":"closed","ping_status":"closed","template":"elementor_header_footer","meta":{"footnotes":""},"_links":{"self":[{"href":"https:\/\/rancholacienega.com\/ecoturismo\/wp-json\/wp\/v2\/pages\/193"}],"collection":[{"href":"https:\/\/rancholacienega.com\/ecoturismo\/wp-json\/wp\/v2\/pages"}],"about":[{"href":"https:\/\/rancholacienega.com\/ecoturismo\/wp-json\/wp\/v2\/types\/page"}],"author":[{"embeddable":true,"href":"https:\/\/rancholacienega.com\/ecoturismo\/wp-json\/wp\/v2\/users\/1"}],"replies":[{"embeddable":true,"href":"https:\/\/rancholacienega.com\/ecoturismo\/wp-json\/wp\/v2\/comments?post=193"}],"version-history":[{"count":58,"href":"https:\/\/rancholacienega.com\/ecoturismo\/wp-json\/wp\/v2\/pages\/193\/revisions"}],"predecessor-version":[{"id":9709,"href":"https:\/\/rancholacienega.com\/ecoturismo\/wp-json\/wp\/v2\/pages\/193\/revisions\/9709"}],"up":[{"embeddable":true,"href":"https:\/\/rancholacienega.com\/ecoturismo\/wp-json\/wp\/v2\/pages\/176"}],"wp:attachment":[{"href":"https:\/\/rancholacienega.com\/ecoturismo\/wp-json\/wp\/v2\/media?parent=193"}],"curies":[{"name":"wp","href":"https:\/\/api.w.org\/{rel}","templated":true}]}}